 of 3905 and 2163725.
355
What is the greatest common divisor of 196 and 344646596?
196
Calculate the greatest common factor of 19956181 and 3773.
49
Calculate the highest common divisor of 1088252 and 7964.
44
Calculate the greatest common divisor of 85885900 and 25.
25
What is the highest common factor of 612 and 24251928?
204
What is the highest common divisor of 5931576 and 34776?
1512
Calculate the greatest common factor of 512 and 299095296.
256
What is the greatest common factor of 2573883 and 43875?
351
Calculate the highest common divisor of 1743 and 976773.
21
What is the highest common factor of 1001 and 966251?
143
Calculate the greatest common divisor of 60858940 and 20.
20
Calculate the highest common divisor of 50560 and 841350.
790
What is the greatest common divisor of 105496510 and 110?
10
What is the greatest common divisor of 5378106 and 3495?
699
Calculate the greatest common divisor of 68354664 and 98.
14
Calculate the highest common divisor of 135072 and 39060.
252
What is the greatest common factor of 184 and 15233?
1
Calculate the greatest common divisor of 45 and 22864665.
15
What is the greatest common divisor of 16981296 and 2544?
48
Calculate the greatest common divisor of 224 and 709976.
8
Calculate the highest common divisor of 52 and 30985201.
13
What is the highest common divisor of 8 and 323207444?
4
Calculate the highest common divisor of 176 and 23391984.
176
Calculate the greatest common divisor of 867 and 79174440.
867
What is the highest common divisor of 153 and 3962097?
9
Calculate the greatest common factor of 1214829 and 55.
11
Calculate the highest common factor of 131510490 and 4638.
4638
Calculate the greatest common factor of 630 and 8989092.
126
Calculate the highest common factor of 117 and 4960397.
13
What is the greatest common divisor of 498 and 10399900?
166
Calculate the greatest common divisor of 8959 and 38409.
31
Calculate the highest common divisor of 4476 and 199.
1
What is the greatest common factor of 4638 and 151973346?
4638
What is the greatest common factor of 44202 and 46978386?
834
Calculate the greatest common factor of 590672520 and 10.
10
What is the highest common factor of 1 and 156677107?
1
What is the greatest common factor of 171 and 20415573?
9
What is the highest common factor of 6168825 and 7163?
247
What is the highest common factor of 579940 and 12087955?
1355
Calculate the greatest common factor of 76323 and 88673.
247
Calculate the highest common factor of 990 and 16291242.
198
Calculate the greatest common divisor of 152 and 30540220.
76
What is the highest common divisor of 10242 and 53500794?
3414
What is the highest common factor of 2173024 and 15575?
623
Calculate the highest common factor of 24312032 and 47680.
4768
Calculate the highest common divisor of 2557733 and 587317.
241
Calculate the highest common factor of 86752 and 128.
32
What is the greatest common factor of 291043670 and 20?
10
Calculate the highest common divisor of 3357 and 121131.
9
What is the greatest common factor of 483757 and 19?
1
Calculate the highest common factor of 511305630 and 8525.
1705
Calculate the highest common divisor of 84 and 111355545.
21
Calculate the greatest common factor of 155171 and 12.
1
What is the greatest common divisor of 1062 and 181998?
18
What is the greatest common divisor of 2538712 and 54472?
88
What is the greatest common factor of 294 and 1978725?
21
What is the greatest common factor of 3675 and 3760554?
147
What is the greatest common factor of 35287014 and 966?
966
Calculate the greatest common factor of 84707 and 10.
1
Calculate the greatest common factor of 60953985 and 78255.
1665
Calculate the greatest common divisor of 229792610 and 59.
59
Calculate the greatest common factor of 16 and 425628.
4
What is the highest common factor of 31971234 and 1143?
381
What is the highest common factor of 632 and 26034292?
316
What is the greatest common factor of 891473 and 1474?
11
What is the greatest common factor of 12980 and 86140?
1180
Calculate the greatest common divisor of 7904 and 10352.
16
Calculate the highest common divisor of 1289545 and 40.
5
Calculate the highest common divisor of 26547816 and 48.
24
Calculate the highest common factor of 81 and 204720372.
81
What is the highest common factor of 1554 and 42381798?
222
Calculate the greatest common divisor of 57616 and 791112.
2216
Calculate the highest common divisor of 393528 and 3686.
38
Calculate the highest common factor of 607690526 and 346.
346
Calculate the greatest common divisor of 9322467 and 231.
231
What is the greatest common factor of 835962636 and 12?
12
Calculate the highest common factor of 1060 and 32352366.
106
Calculate the highest common factor of 185675528 and 1.
1
Calculate the highest common factor of 56050851 and 98067.
1011
What is the greatest common divisor of 339592 and 5902?
454
Calculate the highest common factor of 14748036 and 10716.
564
What is the greatest common factor of 106056496 and 1656?
184
What is the highest common divisor of 336 and 27271104?
336
Calculate the greatest common factor of 6048 and 286928838.
378
Calculate the greatest common factor of 42870 and 85372747.
1429
Calculate the highest common divisor of 5232 and 75920244.
1308
Calculate the greatest common factor of 50 and 31801825.
25
What is the greatest common divisor of 248 and 127262905?
31
Calculate the highest common factor of 2021398236 and 157.
157
Calculate the greatest common factor of 4593509 and 202401.
523
Calculate the highest common divisor of 4345712 and 29302.
2254
What is the greatest common divisor of 15236580 and 27600?
1380
What is the highest common divisor of 2464 and 13653376?
352
What is the highest common factor of 10551118 and 1140?
38
What is the greatest common divisor of 46697970 and 16170?
330
Calculate the highest common divisor of 115516046 and 4434.
1478
Calculate the highest common factor of 66 and 30598524.
66
Calculate the greatest common divisor of 8961887 and 671.
11
Calculate the highest common divisor of 80 and 23393240.
40
Calculate the greatest common divisor of 3468 and 35192975.
289
Calculate the greatest common divisor of 404782 and 1134.
14
What is the highest common divisor of 3069972 and 137376?
1908
What is the greatest common divisor of 26639601 and 8799?
1257
Calculate the highest common divisor of 1608099 and 245256.
2787
What is the highest common factor of 4438 and 11700787?
2219
Calculate the greatest common divisor of 1886493778 and 806.
806
Calculate the greatest common factor of 60777477 and 12549.
267
Calculate the highest common factor of 105492064 and 94.
94
What is the greatest common divisor of 173172 and 4536?
12
Calculate the highest common factor of 1362 and 29532927.
681
What is the highest common divisor of 578522 and 3481366?
602
Calculate the greatest common divisor of 2891 and 3685199.
413
What is the highest common factor of 3173295 and 4806?
267
What is the highest common factor of 147504 and 495631?
439
Calculate the highest common divisor of 155856 and 589044.
2292
What is the greatest common divisor of 1694 and 1718178?
154
Calculate the greatest common factor of 20589570 and 495.
45
Calculate the greatest common divisor of 11 and 1173231.
1
What is the highest common factor of 1061 and 3865223?
1061
What is the highest common factor of 3541755 and 1840965?
9345
What is the greatest common divisor of 52 and 16646006?
26
What is the highest common divisor of 128296 and 10304?
56
What is the highest common factor of 1431522452 and 37?
37
What is the greatest common factor of 299 and 1433843?
23
What is the highest common factor of 1988037 and 21924?
783
Calculate the greatest common divisor of 1243727 and 476293.
263
What is the greatest common factor of 163877700 and 420?
420
Calculate the highest common factor of 5374993 and 52.
13
What is the greatest common factor of 102 and 80460881?
17
What is the greatest common factor of 1391624 and 1248?
104
Calculate the greatest common factor of 20659 and 34326202.
283
What is the greatest common divisor of 11010500 and 38?
38
Calculate the greatest common divisor of 102 and 46496139.
51
Calculate the highest common factor of 7169880 and 151384.
1192
What is the hig